 -81 + 81 + -26 + 21.
-5
5 - (-3 + 24 - 17) - 63
-62
What is (35 - (-84 - -106)) + -2 + -78?
-67
-2 + (1 - 70) + (25 + 8 - (10 + 16))
-64
Calculate (1 + (3 - -4) - -31) + (3 - 1).
41
What is -88 + (44 - 8) - -73?
21
Calculate 39 - (95 + -86 + 4).
26
Calculate -116 + (-6 + 14 - (19 + 17 + -27 + -5)).
-112
What is -12 + -21 + -8 + 62 - 55?
-34
What is 2 + (-19 - -3) - (213 + -237) - 5 - -20?
25
(-96 - -57 - 52) + ((4 - 4) + 0 - -4)
-87
What is (-14 + -1 - (17 - 16)) + (16 - 2) - -111?
109
84 - 101 - -38 - (0 - -49)
-28
Calculate (404 - 364) + (-14 - 0).
26
What is the value of (-103 - ((-34 - 10) + 15)) + 29?
-45
Calculate (4 - -56) + -20 - 50.
-10
Evaluate -49 - ((4 - (-6 - (6 - 11))) + -4 + -15).
-35
(6 - (21 + 6) - -44) + 21
44
9 + (-2 - 56) + -37 + 47
-39
Calculate 0 - -61 - ((-12 - (4 - (28 + -17))) + 9).
57
What is (-5 - (28 - 159)) + -51 + 49?
124
What is (4 - -5) + (20 + 5 - -3) + 4 + -8?
33
Calculate -748 + 698 + -12 + 2 + 13 + 4.
-43
Evaluate -35 + (8 - 22 - -12) + 2.
-35
What is -17 + -21 + -100 + 22 + -1 + 8?
-109
Evaluate 4 + 17 + -20 + (-8 - -23 - -4).
20
What is the value of (-133 - -22 - -45) + 36?
-30
Evaluate -44 + (-13 - -7) - (-10 - -3).
-43
What is (3 - 39 - (-5 + 2)) + 54 + (-21 - 26)?
-26
-14 + 19 + -14 + 9 - 46
-46
Evaluate 24 - (31 - -36 - 28).
-15
What is the value of (30 - (31 + 35 + -37)) + 65?
66
Calculate (-37 - -1) + -125 + 4 + 263.
106
What is -98 - -69 - (-1 - -11 - 32)?
-7
What is the value of (-5 - -73) + -38 + 30 + -6 + -2 + 4?
56
Evaluate 64 + -41 + -37 - -52.
38
Calculate (-14 - (0 - 1)) + -1 + -184 + 229.
31
Evaluate -178 + 159 - (0 + -83) - (-8 - (-1 - -5)).
76
9 + (-64 - -1 - (40 + -42)) - (-96 - -86)
-42
What is the value of -237 + 258 - (-79 + 21)?
79
-17 + 12 + (61 + 0 - 7 - -10)
59
21 + (74 + -42 - 19) + 75
109
What is (-3 - (4 + -11 - -11)) + (0 - (-87 + -8))?
88
(10 - 0) + (32 + (24 - (-11 - -49)) - 5)
23
What is the value of 20 + 4 - (-850 - -817)?
57
-26 + -12 + 35 + 54 + 1
52
(-133 - -87) + 73 - -19
46
Calculate (39 + 4 - (-127 - -204)) + -81.
-115
10 + -2 + (-9 + 1 - 8 - -12) + -53
-49
What is 3950 - 4026 - (-211 + 4)?
131
Evaluate (-1 - (6 + 5)) + 18 - (28 + -11 + 5).
-16
95 - ((46 - 46 - (-2 + 12)) + 3 + -6)
108
Calculate (42 - (13 + -16 + 10) - 19) + 89.
105
56 - -42 - (-26 - -33 - 4 - (12 + 0))
107
Evaluate (0 - -114) + (-64 - -37 - -15) + -6.
96
Evaluate (21 - 0) + (66 - 2) + -75.
10
(-13 + 7 - -30) + -10 + -20 + -3 + 57
48
Calculate (0 + -9 - -7) + 3 + -16 - 0.
-15
Evaluate -30 + 1 - (-1856 + 1758).
69
What is the value of -15 + (2 + 18 - (-27 + -11))?
43
Calculate -12 + 0 - (21 - (-65 - -79)).
-19
Evaluate -570 + 488 + (47 - 3).
-38
Evaluate (-99 - -27) + 31 + 50 + -70 + -2.
-63
Evaluate 12 + (-117 - (-4 + 14 + -12) - -20).
-83
Calculate 50 + -108 + 87 - (-1 + -43).
73
Evaluate -13 - ((15 - -26) + -44) - (-112 + 1).
101
Calculate 18 - 0 - (-4 + -18 + 4).
36
Evaluate (0 + 1 - 5) + (-231 - -46) + 78.
-111
Calculate 48 + (-141 - -49) + -27.
-71
What is the value of (78 - 37 - 38) + (3 + 0 - (-3 - -59))?
-50
What is the value of (33 - (16 - 13)) + 4?
34
-9 + (-47 - -52) + 27
23
Evaluate (3 - 1 - (-59 - -28)) + (7 - -3) + -20.
23
What is the value of -24 + (-8 - (17 - 41) - 51)?
-59
What is the value of 4 - (1 + -3 + 15) - (-2 + (-3 - 12))?
8
What is the value of 1 - (3 - (43 - 7)) - (-49 - -55) - -3?
31
Calculate -68 - (51 - 73 - 33).
-13
4 + (-19 - ((-14 - (65 + 6)) + -9))
79
What is (0 - -10) + -21 - (-13 + 14 + 15)?
-27
What is the value of (-10 - -2) + (-28 - (-14 + (-9 - -1) + 45))?
-59
11 - 17 - (77 + 2) - (-5 - 7)
-73
Calculate 187 + -170 - (-3 - (-24 - 3)) - (-1 - -16).
-22
Evaluate 5 - (54 + -1 + -114).
66
What is -17 - (-59 + 31 + -21 - -22)?
10
Calculate (8 - 3) + 1 + -1100 + 1057.
-37
Calculate -12 + 64 + 10 + (-17 - -29).
74
Calculate (-2 + (-4 - 0) - -8) + 6 + -4 - -29.
33
What is 116 + -114 - (3 + (14 + (-6 - -5) - -5))?
-19
Calculate 38 + (7 - (96 - 40)).
-11
What is -21 - (-36 + 56 - (0 + -20))?
-61
-1 + (44 - -2) - (-916 - -906)
55
Calculate 68 + -2900 + 2875 + (16 - (3 - 2)).
58
Evaluate -29 - (-48 + 6) - 67 - (1 + -8).
-47
Evaluate 16 - (-15 - -20 - -21) - -28.
18
What is the value of -57 + 203 + -124 - -31?
53
Evaluate (54 - 1) + (-9808 - -9778).
23
89 + (-37 - (-15 + -41 + 60))
48
What is (-109 - -1) + 7800 + -7780?
-88
8 + -23 + -5 + (7 - -4) + -2 + -42
-53
Calculate 2 + ((-19 - -22) + 3 - -5 - (2 - -7)).
4
Calculate (49 - (66 - -48)) + (-1 + 2 - 2).
-66
180 - (51 - -68 - 55)
116
Calculate (143 - 3) + (-2222 - -2160).
78
What is 28 - -18 - (-3 - (6 + -8) - -8)?
39
Evaluate 1475 + -1487 + -1 + -20.
-33
What is 869 + -867 - ((2 - -1 - -1) + -39)?
37
Calculate -19 + 8 + (-3 - (-9 + 4)) + (4 - -1).
-4
Evaluate 13 - ((5 - -122) + -9 - 11 - (13 - 13)).
-94
(6 - -1) + (-142 - -188) - (-2 + 11 - 19)
63
What is the value of (-49 + 68 - 24) + -15 - (-1 + 3)?
-22
-95 - (26 - 10 - 28)
-83
Calculate -2 - -50 - (3140 - 3134).
42
What is (-33 + 14 - (53 + -52)) + -44?
-64
What is the value of (8 - -2) + (0 - (-22 + 72)) + -3 + 1?
-42
Calculate -8 + (31 - 39) - (15 + -80).
49
20 + -130 + (43 - 0)
-67
2 - (0 + (-25 - (7 + -14 - 3 - 4)))
13
What is (-70 - (-107 + 55)) + 61?
43
33 - 0 - (192 - (349 - 249))
-59
What is (-34 - (-172 - 13)) + -76?
75
What is 17 + -1 + 2 - (-8637 - -8630)?
25
What is (32 - (19 - (1 + 9))) + (-37 - -23)?
9
What is 59 + -1 + (-3259 - -3224)?
23
What is the value of 3 - (7 - -6) - -6 - ((-6 - 9) + 10)?
1
Calculate (-8 - (4 - 9)) + (-5 - 0) - (-151 - -154).
-11
Calculate (114 - 97 - (2 + (2 - -4))) + 6.
15
Evaluate 19 + -1 + -14 + 19.
23
302 - 281 - (9 + -1)
13
What is -10 - (-26 + 25) - 36 - (15 + (3 - 5))?
-58
Calculate 48 + -139 + (61 - -42).
12
What is -72 - (9 - (13 - (27 + -43 + 6 + 4)))?
-62
Calculate -95 - (58 + -92) - -62.
1
What is the value of 0 - -92 - (35 - (2 + (-39 - -60)))?
80
Evaluate (55 - 36 - 29) + 28.
18
What is the value of 9 + -66 - (53 + -77)?
-33
Evaluate (-69 + 184 - 100) + -33 + -1 + 23.
4
Calculate 8 + 3 - ((-6 - 18) + 39).
-4
What is -19 + 0 + 64 + 5 - 19?
31
(-44 - (-48 - -13)) + -31 + (18 - -3)
-19
Calculate (-5 + -18 + 13 - -48) + 5.
43
What is 13 + 11 - (15 - 22)?
31
What is 44 - (-11 + 1 + (-67 - -74) - -8)?
39
Evaluate (1 - (-1 + -2)) + 48 + 20 + -19.
53
What is -2 + -8 + 14 + 20 - -66?
90
What is the value of -43 + 4 - (-488 + 424)?
25
Calculate -11 - (146 + -136 + (2 + -66 - 4)).
47
What is the value of (-6 - -2) + 18 + 143 + -27 + -9?
121
What is the value of -342 + 386 - (-1 - -21)?
24
Evaluate -25 + 25 + -26 + -2 + 21.
-7
-114 - (-94 + -64 + 82)
-38
Calculate -36 - (41 + -61) - 16.
-32
(0 + -2 + 43 - -2) + (3 - 67) + 73
52
Calculate (15 - ((5 - 5) + -1)) + (-169 - -147).
-6
What is the value of -13 - -4 - (-20 + -30 + (4 - 0))?
37
What is (10 - 0 - (-295 - -269)) + 12 + -9?
39
What is the value of -79 - (-29 - (18 + (-34 - 13) + 11))?
-68
What is -73 - 16 - -85 - -32?
28
Evaluate -14 + (-104 + 119 - (8 + -58 - -8)).
43
What is the value of (45 - (41 + -16 + -8)) + (-2 - 1 - -4)?
29
Evaluate (-126 - -195) + -26 - 167.
-124
What is the value of (17 - (-3 - -3)) + (-58 + 172 - 123)?
8
Evaluate (-24 - -74) + -80 + 54.
24
Calculate -8 + 2 + 1 + -24 - (-1 + -4 - 4).
-20
Calculate 67 - (-21 + 2 + 4 + 18).
64
Evaluate (-51 + -183 - -106) + 0 + 30.
-98
Calculate (11 - 3) + -108 + 12 + (-9 - -10) + -19.
-106
(-14 - (-6 + (-10 - -8) - -4)) + -19 + 0
-29
Evaluate -33 + -8 + 26 - -76 - (4 + -5).
62
What is -2 + 1 - (-14 + (-13 - -94 - 7 - 9))?
-52
Calculate (29 - 94 - 62) + 76.
-51
What is (3 - -13 - 9) + 15 + -13 + 26?
35
23 - (48 + -7 + -24)
6
Calculate -25 - (-24 + (-10 - 30)) - (5 - (2 + -4)).
32
Evaluate (-59 - -12 - -69) + (5 - -7).
34
What is -16 - ((-7 - (-8 + -2)) + 0 + 17)?
-36
Calculate -23 - (-23 + -2 - -21 - -26 - -65).
-110
Evaluate 17 + -25 + 0 + 11.
3
Calculate (16 - 50) + (341 - 244).
63
What is the value of -40 + 1 + (-11 - -2) - -14 - -5?
-29
Evaluate 28 - 20 - (6 + 2 + 11) - 113.
-124
161 + -264 - (5 + -121)
13
3 + -61 + 38 - (-61 - -1)
40
What is the value of -16 + 51 + -36 - 10 - -26?
15
0 + 107 + (1 - (65 + -25))
68
Evaluate (-1 - 8) + (-62 - (61 - 108)).
-24
Evaluate 76 + -29 + -31 - 75.
-59
Evaluate 21 - 63 - 66 - -48.
-60
What is the value of 16 - (0 + (14 + -21 + 3 + 2 - -165))?
-147
-135 + 0 - (6296 - 63